= -6 - -5. Let w(x) = -7*x**3 + x**2 - 1. Let j be w(l). What are the prime factors of j + (-4)/(-2) + -3?
2, 3
Suppose 6 = -j + 3*j. Suppose -2*o - j*p = 2*o - 50, 5*o - 5*p = 45. List the prime factors of o.
11
Let v(f) = -f - 1. Let n be v(4). Let b = -9 + -1. Let q = n - b. List the prime factors of q.
5
Let d(l) = l**2 + 3*l + 2. Let t be d(-1). Suppose -3*k + t*u - 3*u + 24 = 0, 0 = 2*k - 5*u - 2. List the prime factors of k.
2, 3
Suppose -150 = -3*d + 30. List the prime factors of d.
2, 3, 5
Let r = -45 - -181. List the prime factors of r.
2, 17
Let c be 302/(-6) + (-6)/9. Let v be c/(-12) - (-2)/(-8). Suppose -5*o = -0*o - 5*u - 20, -4*u = 2*o + v. What are the prime factors of o?
2
Let r = -11 - -13. Suppose -78 = -r*n - 4. What are the prime factors of n?
37
Let d = 8 - 6. Let w be 1 - (1 + -4 + 1). Suppose 0 = -d*i - 4*h - 2, -4*i = -w*i + h - 2. What are the prime factors of i?
5
Let k(d) = -3*d + 5. List the prime factors of k(-9).
2
Let l(t) = -t**3 + t**2 + 3*t - 1. Let c be l(2). What are the prime factors of 13*1 + (-2 - c)?
2, 5
Suppose 0 = -3*q - y - 4, 3*y + 1 = 2*q - 11. Suppose 0*w - 3*w + 36 = q. List the prime factors of w.
2, 3
Let a = 18 - 8. Let x = -6 + a. Suppose -x*b + b + 54 = 0. What are the prime factors of b?
2, 3
Let c be 1 - (-165 + 4/(-4)). Suppose 3 = -4*f - 2*v + c, 125 = 3*f + v. What are the prime factors of f?
43
Suppose 4*y = 2*d + 4, 4*d - 21 - 7 = -4*y. Suppose 4 = -2*h - d*j + 34, -66 = -3*h + j. List the prime factors of h.
3, 7
Let a be (-24)/(-14)*(8 + 6). Let y = a - -5. List the prime factors of y.
29
List the prime factors of ((-190)/(-20))/(2/4).
19
Suppose 5*s = 7*s - 76. Suppose 0*m + 2*m = s. What are the prime factors of m?
19
Let a be (-4)/(-10) - (-13)/5. Suppose -w = -5*u + 71 - 14, -a*w = -9. Suppose 2*c = -c + u. What are the prime factors of c?
2
Let l(a) = -2*a + 9. Let o be l(-10). Suppose -2*d = -6*d + 68. Let y = o - d. List the prime factors of y.
2, 3
Suppose -2 = -j, 5*o - 2*j + 15 = -19. Suppose -a = -21 - 58. List the prime factors of o/(-27) + a/9.
3
Let b = -10 - -5. Let t be (0 - 3)/3*11. Let n = b - t. List the prime factors of n.
2, 3
What are the prime factors of 1004/20 + 4/(-20)?
2, 5
Suppose 5*q = 3*v - 9 + 51, 0 = -4*q - v + 20. What are the prime factors of q + -5 - 1*-29?
2, 3, 5
Let o(g) = -g**3 - 2*g**2 - 3*g - 1. Let f be (-1 + 0/(-3))*2. List the prime factors of o(f).
5
Let w = 10 + -7. Suppose -3*h - 27 = 3*u, h + u - 3 = w*h. List the prime factors of 27/3 + h/(-2).
11
Let m = -2 + -1. Let h = m - -7. What are the prime factors of h/(-8)*(-20 + -2)?
11
Let w = 172 - 96. List the prime factors of w.
2, 19
Let d(w) = 16*w**2 + 4*w + 19. Let h(g) = 3*g**2 + g + 4. Let f(c) = -2*d(c) + 11*h(c). What are the prime factors of f(-4)?
2, 5
Let w = 14 - 12. Suppose 4 = w*c - 2. What are the prime factors of c?
3
Suppose -1214 = -5*y - 204. List the prime factors of y.
2, 101
Let g = 14 + -7. Suppose -q - g - 5 = 0. Let c = 17 + q. List the prime factors of c.
5
Let f(v) = -1 + 4 - 5 + v - 1. Let y be f(6). Suppose -5 = -y*u + 1. What are the prime factors of u?
2
List the prime factors of ((-608)/12)/(4/(-3) - -1).
2, 19
Let k = -73 - -100. Suppose 4*z + 0*z = -24. What are the prime factors of -21*3*z/k?
2, 7
Let h(k) = -3*k - 3. Let f be h(-6). Suppose -4*u - r = -13, 3*r - 2 + f = u. Suppose -3*l = -3*w + 39, -u*l = -2*w + w + 19. List the prime factors of w.
11
Let d = -20 + 29. Let g(p) = p - 9. Let u be g(d). What are the prime factors of (-1)/(-2)*(u + 12)?
2, 3
Let i(c) = -3*c - 3. Let n(h) = 1. Let w(g) = -i(g) - 4*n(g). Suppose 3*j - 7 + 1 = 0. List the prime factors of w(j).
5
Let h = -8 + 0. List the prime factors of (-3)/(-4)*h/(-2).
3
Let z = -7 + 5. Let w = 0 - z. Suppose 0 = -w*f + 15 - 1. What are the prime factors of f?
7
Let o = -7 + 8. Suppose 0 = -2*h + o + 15. List the prime factors of h.
2
Suppose 1 = 4*w - 11. Suppose -4*s + 4 = -d - 11, -d + s = w. Suppose -4*p + 41 - d = 3*v, -v = p - 13. What are the prime factors of v?
2, 3
Let x(o) = o + 5. Let g be x(-5). Suppose -2*r = -4*j - r + 105, 5*j - 147 = -4*r. Suppose -3*b = -g*b - j. List the prime factors of b.
3
Suppose -2*o - 4*t + 65 = -133, 0 = 3*o - t - 262. List the prime factors of o.
89
Let r(t) be the second derivative of -1/2*t**2 + 1/12*t**4 + 0*t**3 + 0 - 1/4*t**5 - t. What are the prime factors of r(-1)?
5
Let d be (-284)/(-16) + 1/4. Let r = 3 + d. Suppose -5*y + r + 9 = 0. What are the prime factors of y?
2, 3
What are the prime factors of ((5 - 12/4) + -3)*-228?
2, 3, 19
Let h = -14 + 21. Suppose h = x - 39. Let f = -28 + x. List the prime factors of f.
2, 3
Let b = 204 - 60. List the prime factors of b.
2, 3
Let v(y) = y. Let w(l) = -10*l - 19. Let r(s) = -3*v(s) - w(s). Let i be r(13). List the prime factors of 2/(-5) + i/25.
2
Suppose 19 + 3 = 2*l. Suppose 0*f = -f - l. Let j = 3 - f. What are the prime factors of j?
2, 7
List the prime factors of 1/5 + 439/5.
2, 11
Suppose 0 = -3*u + 2 + 10. Let y = u - -8. What are the prime factors of y?
2, 3
Let o = 1 + -3. Let t be 2*-1*o/(-2). Let u(z) = -z**2 - 6*z - 3. What are the prime factors of u(t)?
5
Let a be ((-1)/3)/(2/(-18)). Suppose 28 = a*c - 4*t, -3*c + 0*c + 26 = -5*t. What are the prime factors of c?
2, 3
Let i be ((-99)/(-4))/((-1)/(-8)). What are the prime factors of ((-6)/9)/((-4)/i)?
3, 11
Let v(d) = 2*d + 16. What are the prime factors of v(6)?
2, 7
Let k be (12/(-15))/((-2)/(-5)). Let y be -3 - (-28 - k/(-2)). Suppose -2*l + 3*g = 2 - y, 4*l - 52 = 4*g. What are the prime factors of l?
3, 5
Suppose d + 10 = 3*d. Suppose -d*p + 90 = 4*k, -72 = -4*p - 0*p + 2*k. List the prime factors of p.
2, 3
Suppose 5*x - 4*i - 2 = 1, 2*x - 4*i + 6 = 0. Suppose 0 = -2*n + 2*a + 2 + 6, 3*a = -x*n + 12. Suppose 0 = -n*h + 15 + 21. What are the prime factors of h?
3
Let x = 12 - 10. Suppose -18 = -x*s + 12. List the prime factors of s.
3, 5
Suppose -d = 2*o + 1, 0*d - 5*o = 3*d + 1. List the prime factors of d.
3
Suppose -d + 3 = -2*f, -4*f + f = 4*d - 23. Suppose -g - 4 = -f. What are the prime factors of 4/((-2)/(-1)) - g?
5
Let w be (-1 - -4)/3*0. Suppose w = -3*i - 8 + 26. What are the prime factors of i?
2, 3
Let q(z) = 2*z**3 + 2*z**2 - 6 - 2*z**2 - 8*z - z**3 + 5*z**2. What are the prime factors of q(-6)?
2, 3
Let l = -1 + 7. Suppose 0 = 3*j + 2*w - 24, 0 = -l*j + 4*j - 4*w + 16. Let f = -6 + j. List the prime factors of f.
2
Let t(y) = 2*y - 6. Let l be t(3). Suppose l = 8*z - 6*z - 36. What are the prime factors of z?
2, 3
Let m(q) = -q + 3. Let w be m(0). Let a = 2 + w. List the prime factors of a.
5
Suppose 0*k - 3 = -4*k + 3*y, -5*k + 3*y + 3 = 0. Suppose 4*t - 67 = t + u, k = 4*t + u - 101. List the prime factors of t.
2, 3
What are the prime factors of -309*((-3)/1 + (-14 - -16))?
3, 103
Suppose -12*h + 10 = -7*h. Suppose n + 40 = h*x, 4*x + 4*n - 60 = 2*x. List the prime factors of x.
2, 11
Suppose 2*r = 196 + 12. What are the prime factors of r?
2, 13
Let g be (-2 + (-51)/1)*1. Let o = 38 + g. What are the prime factors of (-1)/(o/36)*5?
2, 3
Suppose 3 = 2*u - 1. Suppose 3*m + 3*j - 3 = 0, -u*m - 4 = -3*m + 2*j. Suppose -5*a + 5*b = -70, -16 = -m*a + 4*b - 5*b. What are the prime factors of a?
2, 5
Let r = 18 - 1. What are the prime factors of r?
17
Let n = 4 + -13. Let x(d) = d**3 + 9*d**2 - 3*d + 7. Let a be x(n). Let g = a + -21. What are the prime factors of g?
13
Let v(o) = -7*o**3 + 16*o**3 - 7 + 7*o + 7*o**2 - 6*o**3 - 4*o**3. What are the prime factors of v(7)?
2, 3, 7
Suppose 2*j + 0*j + 4 = 4*o, 3*j - o = -16. Let x be 40/j*24/(-10). Let l = x + -2. List the prime factors of l.
2, 7
Suppose 5*a + 0*o - o - 563 = 0, -5*a - 2*o = -569. What are the prime factors of a?
113
Let w(l) = 4 - 7*l + 5 - 5 - l**2. Let q be w(-8). Let y = 8 - q. What are the prime factors of y?
2, 3
Suppose 1 = 2*k - 5*t - 2, k + t = 5. Suppose -2*b + 840 = -4*u, 192 = -u + b + k*b. List the prime factors of 4/10 - u/20.
11
Let v(j) = -2*j - 4. Let i(c) = 6*c + 12. Let f(t) = -2*i(t) - 7*v(t). List the prime factors of f(9).
2, 11
Let i(f) = -f**3 + 10*f**2 - 7*f - 9. Let p be i(9). Suppose -p = -a + 8. List the prime factors of a.
17
Suppose 4*y - 12 = -4*d, d + 1 = 4*y + 4. Suppose 0 = 5*m - 3*n + d, 0 = -3*m + 4*n - 1 - 